{"id":648,"date":"2022-02-15T19:04:30","date_gmt":"2022-02-15T19:04:30","guid":{"rendered":"http:\/\/mesaymantel.digital\/?page_id=648"},"modified":"2022-02-21T12:29:49","modified_gmt":"2022-02-21T12:29:49","slug":"sotopalacios","status":"publish","type":"page","link":"https:\/\/mesaymantel.digital\/index.php\/sotopalacios\/","title":{"rendered":"Sotopalacios"},"content":{"rendered":"\n<hr class=\"wp-block-separator\"\/>\n\n\n\n<figure class=\"wp-block-image size-large\"><img loading=\"lazy\" width=\"1024\" height=\"120\" src=\"http:\/\/mesaymantel.digital\/wp-content\/uploads\/2022\/02\/2-1024x120.png\" alt=\"\" class=\"wp-image-1466\" srcset=\"https:\/\/mesaymantel.digital\/wp-content\/uploads\/2022\/02\/2-1024x120.png 1024w, https:\/\/mesaymantel.digital\/wp-content\/uploads\/2022\/02\/2-300x35.png 300w, https:\/\/mesaymantel.digital\/wp-content\/uploads\/2022\/02\/2-768x90.png 768w, https:\/\/mesaymantel.digital\/wp-content\/uploads\/2022\/02\/2-1536x179.png 1536w, https:\/\/mesaymantel.digital\/wp-content\/uploads\/2022\/02\/2-2048x239.png 2048w, https:\/\/mesaymantel.digital\/wp-content\/uploads\/2022\/02\/2-389x45.png 389w\" sizes=\"(max-width: 1024px) 100vw, 1024px\" \/><\/figure>\n\n\n\n<hr class=\"wp-block-separator\"\/>\n\n\n\n<figure class=\"wp-block-image size-large is-resized\"><img loading=\"lazy\" src=\"http:\/\/mesaymantel.digital\/wp-content\/uploads\/2022\/02\/Castillo-de-Sotopalacios-1024x576.jpg\" alt=\"\" class=\"wp-image-1247\" width=\"1241\" height=\"698\" srcset=\"https:\/\/mesaymantel.digital\/wp-content\/uploads\/2022\/02\/Castillo-de-Sotopalacios-1024x576.jpg 1024w, https:\/\/mesaymantel.digital\/wp-content\/uploads\/2022\/02\/Castillo-de-Sotopalacios-300x169.jpg 300w, https:\/\/mesaymantel.digital\/wp-content\/uploads\/2022\/02\/Castillo-de-Sotopalacios-768x432.jpg 768w, https:\/\/mesaymantel.digital\/wp-content\/uploads\/2022\/02\/Castillo-de-Sotopalacios-1536x864.jpg 1536w, https:\/\/mesaymantel.digital\/wp-content\/uploads\/2022\/02\/Castillo-de-Sotopalacios-389x219.jpg 389w, https:\/\/mesaymantel.digital\/wp-content\/uploads\/2022\/02\/Castillo-de-Sotopalacios.jpg 1600w\" sizes=\"(max-width: 1241px) 100vw, 1241px\" \/><figcaption>Sotopalacios<\/figcaption><\/figure>\n\n\n\n<hr class=\"wp-block-separator\"\/>\n\n\n\n<div class=\"wp-block-media-text alignwide is-stacked-on-mobile\"><figure class=\"wp-block-media-text__media\"><a href=\"https:\/\/turismoburgos.es\/rioubierna\/\"><img loading=\"lazy\" width=\"292\" height=\"122\" src=\"http:\/\/mesaymantel.digital\/wp-content\/uploads\/2022\/02\/logo-1.png\" alt=\"\" class=\"wp-image-807 size-full\"\/><\/a><\/figure><div class=\"wp-block-media-text__content\">\n<blockquote class=\"wp-block-quote\"><p><strong>En Hostal Restaurante R\u00edo Ubierna, disponemos de horno de le\u00f1a de asar y de parrilla natural donde podr\u00e1 degustar, preparados de forma tradicional, de sus platos favoritos. <\/strong><\/p><p><strong>Men\u00fas especiales para celebraciones, reuniones, comidas de empresa.<\/strong><\/p><p><strong>Disfrute entre otras muchas, del pincho de lechazo, de nuestra famosa Parrillada de Marisco o del tradicional Cordero Lechal al Horno de Le\u00f1a, sin olvidar la autentica Morcilla de Burgos, natural de Sotopalacios.<\/strong><\/p><p><strong>Men\u00fas especiales para fines de semana. Mariscadas para 2 personas a partir de 35 \u20ac<\/strong>.<\/p><p><strong>Si prefiere cualquier otra especialidad t\u00edpica de nuestra gastronom\u00eda no dude en consultarnos. <\/strong><\/p><p><strong>En la sobremesa, desde uno de nuestros salones comedores, podr\u00e1 observar como los mas peque\u00f1os se divierten en la zona de juegos a la vez que disfrutan de las preciosas vistas de nuestros jardines<\/strong>.<\/p><\/blockquote>\n\n\n\n<p><\/p>\n\n\n\n<p><a href=\"https:\/\/turismoburgos.es\/rioubierna\/\" target=\"_blank\" rel=\"noreferrer noopener\">https:\/\/turismoburgos.es\/rioubierna\/<\/a><\/p>\n\n\n\n<div class=\"wp-container-1 wp-block-buttons\">\n<div class=\"wp-block-button\"><a class=\"wp-block-button__link\" href=\"https:\/\/www.google.com\/maps\/place\/Hostal+R%C3%ADo+Ubierna\/@42.4327804,-3.6825664,15z\/data=!4m2!3m1!1s0x0:0x46faadeef3630aa0?sa=X&amp;ved=2ahUKEwjS3JHpjIb2AhXNh_0HHUBXAcYQ_BJ6BAgdEAU\" target=\"_blank\" rel=\"noreferrer noopener\">C\u00f3mo llegar<\/a><\/div>\n<\/div>\n<\/div><\/div>\n\n\n\n<hr class=\"wp-block-separator\"\/>\n\n\n\n<hr class=\"wp-block-separator\"\/>\n\n\n\n<div class=\"wp-block-media-text alignwide is-stacked-on-mobile\"><figure class=\"wp-block-media-text__media\"><img loading=\"lazy\" width=\"852\" height=\"223\" src=\"http:\/\/mesaymantel.digital\/wp-content\/uploads\/2022\/02\/Imagen39-1.png\" alt=\"\" class=\"wp-image-619 size-full\" srcset=\"https:\/\/mesaymantel.digital\/wp-content\/uploads\/2022\/02\/Imagen39-1.png 852w, https:\/\/mesaymantel.digital\/wp-content\/uploads\/2022\/02\/Imagen39-1-300x79.png 300w, https:\/\/mesaymantel.digital\/wp-content\/uploads\/2022\/02\/Imagen39-1-768x201.png 768w, https:\/\/mesaymantel.digital\/wp-content\/uploads\/2022\/02\/Imagen39-1-389x102.png 389w\" sizes=\"(max-width: 852px) 100vw, 852px\" \/><\/figure><div class=\"wp-block-media-text__content\">\n<p class=\"has-large-font-size\">Toda la informaci\u00f3n tur\u00edstica de Sotopalacios en un click.<\/p>\n\n\n\n<p><a href=\"https:\/\/turismoburgos.es\/sotopalacios\/index.html\" target=\"_blank\" rel=\"noreferrer noopener\">https:\/\/turismoburgos.es\/sotopalacios\/index.html<\/a><\/p>\n<\/div><\/div>\n\n\n\n<hr class=\"wp-block-separator\"\/>\n\n\n\n<hr class=\"wp-block-separator\"\/>\n","protected":false},"excerpt":{"rendered":"<p>Toda la informaci\u00f3n tur\u00edstica de Sotopalacios en un click. https:\/\/turismoburgos.es\/sotopalacios\/index.html<\/p>\n","protected":false},"author":1,"featured_media":0,"parent":0,"menu_order":0,"comment_status":"closed","ping_status":"closed","template":"","meta":{"_monsterinsights_skip_tracking":false,"_monsterinsights_sitenote_active":false,"_monsterinsights_sitenote_note":"","_monsterinsights_sitenote_category":0},"_links":{"self":[{"href":"https:\/\/mesaymantel.digital\/index.php\/wp-json\/wp\/v2\/pages\/648"}],"collection":[{"href":"https:\/\/mesaymantel.digital\/index.php\/wp-json\/wp\/v2\/pages"}],"about":[{"href":"https:\/\/mesaymantel.digital\/index.php\/wp-json\/wp\/v2\/types\/page"}],"author":[{"embeddable":true,"href":"https:\/\/mesaymantel.digital\/index.php\/wp-json\/wp\/v2\/users\/1"}],"replies":[{"embeddable":true,"href":"https:\/\/mesaymantel.digital\/index.php\/wp-json\/wp\/v2\/comments?post=648"}],"version-history":[{"count":6,"href":"https:\/\/mesaymantel.digital\/index.php\/wp-json\/wp\/v2\/pages\/648\/revisions"}],"predecessor-version":[{"id":1484,"href":"https:\/\/mesaymantel.digital\/index.php\/wp-json\/wp\/v2\/pages\/648\/revisions\/1484"}],"wp:attachment":[{"href":"https:\/\/mesaymantel.digital\/index.php\/wp-json\/wp\/v2\/media?parent=648"}],"curies":[{"name":"wp","href":"https:\/\/api.w.org\/{rel}","templated":true}]}}