{"id":654,"date":"2022-02-15T19:04:30","date_gmt":"2022-02-15T19:04:30","guid":{"rendered":"http:\/\/mesaymantel.digital\/?page_id=654"},"modified":"2022-02-21T12:32:23","modified_gmt":"2022-02-21T12:32:23","slug":"villambistia","status":"publish","type":"page","link":"https:\/\/mesaymantel.digital\/index.php\/villambistia\/","title":{"rendered":"Villambisti\u00e1"},"content":{"rendered":"\n<hr class=\"wp-block-separator\"\/>\n\n\n\n<figure class=\"wp-block-image size-large\"><img loading=\"lazy\" width=\"1024\" height=\"120\" src=\"http:\/\/mesaymantel.digital\/wp-content\/uploads\/2022\/02\/2-1024x120.png\" alt=\"\" class=\"wp-image-1466\" srcset=\"https:\/\/mesaymantel.digital\/wp-content\/uploads\/2022\/02\/2-1024x120.png 1024w, https:\/\/mesaymantel.digital\/wp-content\/uploads\/2022\/02\/2-300x35.png 300w, https:\/\/mesaymantel.digital\/wp-content\/uploads\/2022\/02\/2-768x90.png 768w, https:\/\/mesaymantel.digital\/wp-content\/uploads\/2022\/02\/2-1536x179.png 1536w, https:\/\/mesaymantel.digital\/wp-content\/uploads\/2022\/02\/2-2048x239.png 2048w, https:\/\/mesaymantel.digital\/wp-content\/uploads\/2022\/02\/2-389x45.png 389w\" sizes=\"(max-width: 1024px) 100vw, 1024px\" \/><\/figure>\n\n\n\n<hr class=\"wp-block-separator\"\/>\n\n\n\n<figure class=\"wp-block-image size-full is-resized\"><img loading=\"lazy\" src=\"http:\/\/mesaymantel.digital\/wp-content\/uploads\/2022\/02\/Fuente.jpg\" alt=\"\" class=\"wp-image-1267\" width=\"1240\" height=\"803\" srcset=\"https:\/\/mesaymantel.digital\/wp-content\/uploads\/2022\/02\/Fuente.jpg 897w, https:\/\/mesaymantel.digital\/wp-content\/uploads\/2022\/02\/Fuente-300x194.jpg 300w, https:\/\/mesaymantel.digital\/wp-content\/uploads\/2022\/02\/Fuente-768x497.jpg 768w, https:\/\/mesaymantel.digital\/wp-content\/uploads\/2022\/02\/Fuente-389x252.jpg 389w\" sizes=\"(max-width: 1240px) 100vw, 1240px\" \/><figcaption>Villambisti\u00e1<\/figcaption><\/figure>\n\n\n\n<hr class=\"wp-block-separator\"\/>\n\n\n\n<div class=\"wp-block-media-text alignwide is-stacked-on-mobile\"><figure class=\"wp-block-media-text__media\"><a href=\"https:\/\/turismoburgos.es\/casadelosdeseos\/\"><img loading=\"lazy\" width=\"450\" height=\"450\" src=\"http:\/\/mesaymantel.digital\/wp-content\/uploads\/2022\/02\/11694824_10206330722661062_848350269417573330_n.jpg\" alt=\"\" class=\"wp-image-830 size-full\" srcset=\"https:\/\/mesaymantel.digital\/wp-content\/uploads\/2022\/02\/11694824_10206330722661062_848350269417573330_n.jpg 450w, https:\/\/mesaymantel.digital\/wp-content\/uploads\/2022\/02\/11694824_10206330722661062_848350269417573330_n-300x300.jpg 300w, https:\/\/mesaymantel.digital\/wp-content\/uploads\/2022\/02\/11694824_10206330722661062_848350269417573330_n-150x150.jpg 150w\" sizes=\"(max-width: 450px) 100vw, 450px\" \/><\/a><\/figure><div class=\"wp-block-media-text__content\">\n<blockquote class=\"wp-block-quote\"><p><strong>&nbsp;Una casa de 1876 restaurada para el confort y descanso actual<\/strong><\/p><p><strong>pero conservando su estructura original en madera y piedra.<\/strong><\/p><p><strong>Situada en pleno Camino de Santiago, distribuida en dos plantas,<\/strong><\/p><p><strong>cuenta con 6 dormitorios con sus respectivos ba\u00f1os privados,<\/strong><\/p><p><strong>con amplio sal\u00f3n y sala de juegos.<\/strong><\/p><p><strong>En su exterior, dispone de una gran zona ajardinada y parking privado.<\/strong><\/p><\/blockquote>\n\n\n\n<p><a href=\"https:\/\/turismoburgos.es\/casadelosdeseos\/\" target=\"_blank\" rel=\"noreferrer noopener\">https:\/\/turismoburgos.es\/casadelosdeseos\/<\/a><\/p>\n\n\n\n<div class=\"wp-container-1 wp-block-buttons\">\n<div class=\"wp-block-button\"><a class=\"wp-block-button__link\" href=\"https:\/\/www.google.com\/maps\/place\/Casa+de+los+Deseos\/@42.404321,-3.260369,15z\/data=!4m2!3m1!1s0x0:0xf0e2a2b824ea686e?sa=X&amp;ved=2ahUKEwjutOmgjYb2AhW_hP0HHekuBNYQ_BJ6BAgiEAU\" target=\"_blank\" rel=\"noreferrer noopener\">C\u00f3mo llegar<\/a><\/div>\n<\/div>\n<\/div><\/div>\n\n\n\n<hr class=\"wp-block-separator\"\/>\n\n\n\n<hr class=\"wp-block-separator\"\/>\n\n\n\n<div class=\"wp-block-media-text alignwide is-stacked-on-mobile\"><figure class=\"wp-block-media-text__media\"><a href=\"https:\/\/turismoburgos.es\/villambistia\/\"><img loading=\"lazy\" width=\"852\" height=\"223\" src=\"http:\/\/mesaymantel.digital\/wp-content\/uploads\/2022\/02\/Imagen39-1.png\" alt=\"\" class=\"wp-image-619 size-full\" srcset=\"https:\/\/mesaymantel.digital\/wp-content\/uploads\/2022\/02\/Imagen39-1.png 852w, https:\/\/mesaymantel.digital\/wp-content\/uploads\/2022\/02\/Imagen39-1-300x79.png 300w, https:\/\/mesaymantel.digital\/wp-content\/uploads\/2022\/02\/Imagen39-1-768x201.png 768w, https:\/\/mesaymantel.digital\/wp-content\/uploads\/2022\/02\/Imagen39-1-389x102.png 389w\" sizes=\"(max-width: 852px) 100vw, 852px\" \/><\/a><\/figure><div class=\"wp-block-media-text__content\">\n<p class=\"has-large-font-size\">Toda la informaci\u00f3n tur\u00edstica de Villambisti\u00e1 en un click.<\/p>\n\n\n\n<p><a href=\"https:\/\/turismoburgos.es\/villambistia\/\" target=\"_blank\" rel=\"noreferrer noopener\">https:\/\/turismoburgos.es\/villambistia\/<\/a><\/p>\n<\/div><\/div>\n\n\n\n<hr class=\"wp-block-separator\"\/>\n\n\n\n<hr class=\"wp-block-separator\"\/>\n","protected":false},"excerpt":{"rendered":"<p>Toda la informaci\u00f3n tur\u00edstica de Villambisti\u00e1 en un click. https:\/\/turismoburgos.es\/villambistia\/<\/p>\n","protected":false},"author":1,"featured_media":0,"parent":0,"menu_order":0,"comment_status":"closed","ping_status":"closed","template":"","meta":{"_monsterinsights_skip_tracking":false,"_monsterinsights_sitenote_active":false,"_monsterinsights_sitenote_note":"","_monsterinsights_sitenote_category":0},"_links":{"self":[{"href":"https:\/\/mesaymantel.digital\/index.php\/wp-json\/wp\/v2\/pages\/654"}],"collection":[{"href":"https:\/\/mesaymantel.digital\/index.php\/wp-json\/wp\/v2\/pages"}],"about":[{"href":"https:\/\/mesaymantel.digital\/index.php\/wp-json\/wp\/v2\/types\/page"}],"author":[{"embeddable":true,"href":"https:\/\/mesaymantel.digital\/index.php\/wp-json\/wp\/v2\/users\/1"}],"replies":[{"embeddable":true,"href":"https:\/\/mesaymantel.digital\/index.php\/wp-json\/wp\/v2\/comments?post=654"}],"version-history":[{"count":5,"href":"https:\/\/mesaymantel.digital\/index.php\/wp-json\/wp\/v2\/pages\/654\/revisions"}],"predecessor-version":[{"id":1490,"href":"https:\/\/mesaymantel.digital\/index.php\/wp-json\/wp\/v2\/pages\/654\/revisions\/1490"}],"wp:attachment":[{"href":"https:\/\/mesaymantel.digital\/index.php\/wp-json\/wp\/v2\/media?parent=654"}],"curies":[{"name":"wp","href":"https:\/\/api.w.org\/{rel}","templated":true}]}}