{"id":864,"date":"2022-02-16T11:03:04","date_gmt":"2022-02-16T11:03:04","guid":{"rendered":"http:\/\/mesaymantel.digital\/?page_id=864"},"modified":"2025-08-06T15:15:16","modified_gmt":"2025-08-06T15:15:16","slug":"saldana","status":"publish","type":"page","link":"https:\/\/mesaymantel.digital\/index.php\/saldana\/","title":{"rendered":"Salda\u00f1a"},"content":{"rendered":"\n<hr class=\"wp-block-separator\"\/>\n\n\n\n<iframe loading=\"lazy\" src=\"https:\/\/www.google.com\/maps\/d\/u\/2\/embed?mid=12QFxqVT-Y4zmbZRGa58bw4d1jDTRIOU1&amp;ehbc=2E312F\" width=\"640\" height=\"480\"><\/iframe>\n\n\n\n<hr class=\"wp-block-separator\"\/>\n\n\n\n<figure class=\"wp-block-image size-full is-resized\"><img loading=\"lazy\" src=\"http:\/\/mesaymantel.digital\/wp-content\/uploads\/2022\/02\/plaza-vieja.jpeg\" alt=\"\" class=\"wp-image-1346\" width=\"1243\" height=\"728\" srcset=\"https:\/\/mesaymantel.digital\/wp-content\/uploads\/2022\/02\/plaza-vieja.jpeg 1024w, https:\/\/mesaymantel.digital\/wp-content\/uploads\/2022\/02\/plaza-vieja-300x176.jpeg 300w, https:\/\/mesaymantel.digital\/wp-content\/uploads\/2022\/02\/plaza-vieja-768x450.jpeg 768w, https:\/\/mesaymantel.digital\/wp-content\/uploads\/2022\/02\/plaza-vieja-389x228.jpeg 389w, https:\/\/mesaymantel.digital\/wp-content\/uploads\/2022\/02\/plaza-vieja-512x300.jpeg 512w\" sizes=\"(max-width: 1243px) 100vw, 1243px\" \/><figcaption>Plaza Vieja<\/figcaption><\/figure>\n\n\n\n<hr class=\"wp-block-separator\"\/>\n\n\n\n<h2>RESTAURANTES<\/h2>\n\n\n\n<hr class=\"wp-block-separator\"\/>\n\n\n\n<div class=\"wp-block-media-text alignwide is-stacked-on-mobile\"><figure class=\"wp-block-media-text__media\"><a href=\"https:\/\/clickturismo.es\/cafeboulevard\/\"><img loading=\"lazy\" width=\"1024\" height=\"476\" src=\"http:\/\/mesaymantel.digital\/wp-content\/uploads\/2022\/02\/1621868729907-1024x476.jpg\" alt=\"\" class=\"wp-image-1129 size-full\" srcset=\"https:\/\/mesaymantel.digital\/wp-content\/uploads\/2022\/02\/1621868729907-1024x476.jpg 1024w, https:\/\/mesaymantel.digital\/wp-content\/uploads\/2022\/02\/1621868729907-300x140.jpg 300w, https:\/\/mesaymantel.digital\/wp-content\/uploads\/2022\/02\/1621868729907-768x357.jpg 768w, https:\/\/mesaymantel.digital\/wp-content\/uploads\/2022\/02\/1621868729907-1536x714.jpg 1536w, https:\/\/mesaymantel.digital\/wp-content\/uploads\/2022\/02\/1621868729907-2048x953.jpg 2048w, https:\/\/mesaymantel.digital\/wp-content\/uploads\/2022\/02\/1621868729907-389x181.jpg 389w\" sizes=\"(max-width: 1024px) 100vw, 1024px\" \/><\/a><\/figure><div class=\"wp-block-media-text__content\">\n<blockquote class=\"wp-block-quote\"><p><strong>Un buen vino, <strong>una pizza compartida con los amigos, un Gin Tonic Premium,<\/strong><\/strong><\/p><p><strong><strong>un \u201cbailoteo\u201d el s\u00e1bado por la noche,<\/strong><\/strong><\/p><p><strong><strong>una estimulante competici\u00f3n de futbol\u00edn&#8230;<\/strong><\/strong><\/p><p><strong><strong>El ocio -diurno y nocturno- admite todas esas actividades.<\/strong><\/strong><\/p><p><strong><strong>Y, en Salda\u00f1a, todas ellas pueden disfrutarse en el Bar Boulevard.<\/strong><\/strong><\/p><\/blockquote>\n\n\n\n<p><a href=\"https:\/\/clickturismo.es\/cafeboulevard\/\" target=\"_blank\" rel=\"noreferrer noopener\">https:\/\/clickturismo.es\/cafeboulevard\/<\/a><\/p>\n\n\n\n<div class=\"wp-container-1 wp-block-buttons\">\n<div class=\"wp-block-button\"><a class=\"wp-block-button__link\" href=\"https:\/\/www.google.com\/maps\/dir\/\/C.+las+Huertas,+8+34100+Salda%C3%B1a+Palencia\/@42.5226811,-4.7373094,16z\/data=!4m5!4m4!1m0!1m2!1m1!1s0xd480b5011aa04f5:0xd60954d4dee59e04\" target=\"_blank\" rel=\"noreferrer noopener\">C\u00f3mo llegar<\/a><\/div>\n<\/div>\n<\/div><\/div>\n\n\n\n<hr class=\"wp-block-separator\"\/>\n\n\n\n<div class=\"wp-block-media-text alignwide is-stacked-on-mobile\"><figure class=\"wp-block-media-text__media\"><a href=\"https:\/\/turismopalencia.info\/elbodegon\/\"><img loading=\"lazy\" width=\"331\" height=\"152\" src=\"http:\/\/mesaymantel.digital\/wp-content\/uploads\/2022\/02\/descarga-2.jpg\" alt=\"\" class=\"wp-image-1131 size-full\" srcset=\"https:\/\/mesaymantel.digital\/wp-content\/uploads\/2022\/02\/descarga-2.jpg 331w, https:\/\/mesaymantel.digital\/wp-content\/uploads\/2022\/02\/descarga-2-300x138.jpg 300w\" sizes=\"(max-width: 331px) 100vw, 331px\" \/><\/a><\/figure><div class=\"wp-block-media-text__content\">\n<blockquote class=\"wp-block-quote\"><p><strong>Cuatro generaciones de la familia Ortega Renedo<\/strong><br><strong>&nbsp;han pasado ya por este emblem\u00e1tico establecimiento de hosteler\u00eda, ubicado en los bajos de una casona de principios del Siglo XVI,<\/strong> <strong>en pleno coraz\u00f3n de Salda\u00f1a.<\/strong><\/p><p><strong>\u201cEL BODEGON\u201d navega ligero, a la par que los tiempos,<\/strong><br><strong>pero sin dejar por el camino ni un \u00e1pice de su sabor,<\/strong><br><strong>ni del calor que le aporta su gente.<\/strong><br><strong>Es el referente gastron\u00f3mico por excelencia en la comarca<\/strong><br><strong>y visita obligada para los viajeros que se acercan a esta hermosa Villa Palentina, buscando los sabores y las sensaciones que se quedaron ancladas<\/strong> <strong>y casi olvidadas en el pasado.<\/strong><\/p><\/blockquote>\n\n\n\n<p><a href=\"https:\/\/turismopalencia.info\/elbodegon\/\" target=\"_blank\" rel=\"noreferrer noopener\">https:\/\/turismopalencia.info\/elbodegon\/<\/a><\/p>\n\n\n\n<div class=\"wp-container-2 wp-block-buttons\">\n<div class=\"wp-block-button\"><a class=\"wp-block-button__link\" href=\"https:\/\/www.google.com\/maps\/dir\/\/Pl.+Marqu%C3%A9s+de+la+Valdavia,+3+34100+Salda%C3%B1a+Palencia\/@42.5233085,-4.7358465,16z\/data=!4m5!4m4!1m0!1m2!1m1!1s0xd480b504978b1c3:0x2263b38bb4a50e6a\" target=\"_blank\" rel=\"noreferrer noopener\">C\u00f3mo llegar<\/a><\/div>\n<\/div>\n<\/div><\/div>\n\n\n\n<hr class=\"wp-block-separator\"\/>\n\n\n\n<div class=\"wp-block-media-text alignwide is-stacked-on-mobile\"><figure class=\"wp-block-media-text__media\"><a href=\"https:\/\/clickturismo.es\/restauranteelmolino\/\"><img loading=\"lazy\" width=\"595\" height=\"201\" src=\"http:\/\/mesaymantel.digital\/wp-content\/uploads\/2022\/02\/Captura-de-pantalla-211.png\" alt=\"\" class=\"wp-image-1133 size-full\" srcset=\"https:\/\/mesaymantel.digital\/wp-content\/uploads\/2022\/02\/Captura-de-pantalla-211.png 595w, https:\/\/mesaymantel.digital\/wp-content\/uploads\/2022\/02\/Captura-de-pantalla-211-300x101.png 300w, https:\/\/mesaymantel.digital\/wp-content\/uploads\/2022\/02\/Captura-de-pantalla-211-389x131.png 389w\" sizes=\"(max-width: 595px) 100vw, 595px\" \/><\/a><\/figure><div class=\"wp-block-media-text__content\">\n<blockquote class=\"wp-block-quote\"><p><strong>EL MOLINO<\/strong><\/p><p><strong>La mejor cocina castellana en un lugar paradis\u00edaco.<\/strong><\/p><p><strong>Carnes de la regi\u00f3n.<br>Lechazo asado.<br>Los mejores pescados.<\/strong><\/p><p><strong>Disponemos de amplios salones con distintas capacidades para celebrar todo tipo de eventos.<\/strong><\/p><p><strong>Amplias terrazas de verano con tranquilos jardines junto al r\u00edo.<\/strong><\/p><p><strong>El para\u00edso existe, ven a descubrirlo<\/strong>.<\/p><\/blockquote>\n\n\n\n<p><a href=\"https:\/\/clickturismo.es\/restauranteelmolino\/\" target=\"_blank\" rel=\"noreferrer noopener\">https:\/\/clickturismo.es\/restauranteelmolino\/<\/a><\/p>\n\n\n\n<div class=\"wp-container-3 wp-block-buttons\">\n<div class=\"wp-block-button\"><a class=\"wp-block-button__link\" href=\"https:\/\/www.google.com\/maps\/dir\/\/Restaurante+El+Molino+Travesia+San+Martin+34100+Salda%C3%B1a+Palencia\/@42.5190031,-4.7530777,17z\/data=!4m5!4m4!1m0!1m2!1m1!1s0xd480b68d4c3c395:0x36fb379b14bffd83\" target=\"_blank\" rel=\"noreferrer noopener\">C\u00f3mo llegar<\/a><\/div>\n<\/div>\n<\/div><\/div>\n\n\n\n<hr class=\"wp-block-separator\"\/>\n\n\n\n<div class=\"wp-block-media-text alignwide is-stacked-on-mobile\"><figure class=\"wp-block-media-text__media\"><a href=\"https:\/\/clickturismo.es\/hostalsaldana\/\"><img loading=\"lazy\" width=\"1024\" height=\"453\" src=\"http:\/\/mesaymantel.digital\/wp-content\/uploads\/2022\/02\/Imagen7-1-1024x453.png\" alt=\"\" class=\"wp-image-1134 size-full\" srcset=\"https:\/\/mesaymantel.digital\/wp-content\/uploads\/2022\/02\/Imagen7-1-1024x453.png 1024w, https:\/\/mesaymantel.digital\/wp-content\/uploads\/2022\/02\/Imagen7-1-300x133.png 300w, https:\/\/mesaymantel.digital\/wp-content\/uploads\/2022\/02\/Imagen7-1-768x340.png 768w, https:\/\/mesaymantel.digital\/wp-content\/uploads\/2022\/02\/Imagen7-1-1536x679.png 1536w, https:\/\/mesaymantel.digital\/wp-content\/uploads\/2022\/02\/Imagen7-1-2048x906.png 2048w, https:\/\/mesaymantel.digital\/wp-content\/uploads\/2022\/02\/Imagen7-1-389x172.png 389w\" sizes=\"(max-width: 1024px) 100vw, 1024px\" \/><\/a><\/figure><div class=\"wp-block-media-text__content\">\n<blockquote class=\"wp-block-quote\"><p><strong><strong>Abierto todos los d\u00edas del a\u00f1o.<\/strong><\/strong><\/p><p><strong><strong>Capacidad para 80 comensales.<\/strong><\/strong><\/p><p><strong><strong>Men\u00fa diario.<\/strong><\/strong><\/p><p><strong><strong>Amplia carta y mejor trato.<\/strong><\/strong><\/p><\/blockquote>\n\n\n\n<p><a href=\"https:\/\/clickturismo.es\/hostalsaldana\/\" target=\"_blank\" rel=\"noreferrer noopener\">https:\/\/clickturismo.es\/hostalsaldana\/<\/a><\/p>\n\n\n\n<div class=\"wp-container-4 wp-block-buttons\">\n<div class=\"wp-block-button\"><a class=\"wp-block-button__link\" href=\"https:\/\/www.google.com\/maps\/dir\/\/Av.+Reyes+Cat%C3%B3licos,+4+34100+Salda%C3%B1a+Palencia\/@42.5186205,-4.7359849,16z\/data=!4m5!4m4!1m0!1m2!1m1!1s0xd480b4f1bcb8df5:0x32e12d0879db5c06\" target=\"_blank\" rel=\"noreferrer noopener\">C\u00f3mo llegar<\/a><\/div>\n<\/div>\n<\/div><\/div>\n\n\n\n<hr class=\"wp-block-separator\"\/>\n\n\n\n<hr class=\"wp-block-separator\"\/>\n\n\n\n<div class=\"wp-block-media-text alignwide is-stacked-on-mobile\"><figure class=\"wp-block-media-text__media\"><a href=\"https:\/\/clickturismo.es\/hostalmesonsalse\/\"><img loading=\"lazy\" width=\"777\" height=\"204\" src=\"http:\/\/mesaymantel.digital\/wp-content\/uploads\/2022\/02\/Captura-de-pantalla-210.png\" alt=\"\" class=\"wp-image-1140 size-full\" srcset=\"https:\/\/mesaymantel.digital\/wp-content\/uploads\/2022\/02\/Captura-de-pantalla-210.png 777w, https:\/\/mesaymantel.digital\/wp-content\/uploads\/2022\/02\/Captura-de-pantalla-210-300x79.png 300w, https:\/\/mesaymantel.digital\/wp-content\/uploads\/2022\/02\/Captura-de-pantalla-210-768x202.png 768w, https:\/\/mesaymantel.digital\/wp-content\/uploads\/2022\/02\/Captura-de-pantalla-210-389x102.png 389w\" sizes=\"(max-width: 777px) 100vw, 777px\" \/><\/a><\/figure><div class=\"wp-block-media-text__content\">\n<blockquote class=\"wp-block-quote\"><p><strong><strong>Mes\u00f3n Hostal SALS\u00c9, en Salda\u00f1a.<\/strong><\/strong><\/p><p><strong><strong>Tapas, raciones, sandwiches, hamburguesas, platos combinados, men\u00fa del d\u00eda&#8230;<\/strong><\/strong><\/p><p><strong><strong>Celebra cualquier evento con nosotros.<\/strong><\/strong><\/p><p><strong><strong>Cocina casera, tradicional.<\/strong><\/strong><\/p><\/blockquote>\n\n\n\n<p><a href=\"https:\/\/clickturismo.es\/hostalmesonsalse\/\" target=\"_blank\" rel=\"noreferrer noopener\">https:\/\/clickturismo.es\/hostalmesonsalse\/<\/a><\/p>\n\n\n\n<div class=\"wp-container-5 wp-block-buttons\">\n<div class=\"wp-block-button\"><a class=\"wp-block-button__link\" href=\"https:\/\/www.google.com\/maps\/place\/Hostal+Salse\/@42.5190515,-4.7434348,15z\/data=!4m2!3m1!1s0x0:0x1253a729e3c7ebcd?sa=X&amp;ved=2ahUKEwi7odiYnIb2AhXdGbkGHR3pBAkQ_BJ6BAglEAU\" target=\"_blank\" rel=\"noreferrer noopener\">C\u00f3mo llegar<\/a><\/div>\n<\/div>\n<\/div><\/div>\n\n\n\n<hr class=\"wp-block-separator\"\/>\n\n\n\n<h2>CAFETER\u00cdAS \/ BARES<\/h2>\n\n\n\n<hr class=\"wp-block-separator\"\/>\n\n\n\n<div class=\"wp-block-media-text alignwide is-stacked-on-mobile\"><figure class=\"wp-block-media-text__media\"><img loading=\"lazy\" width=\"1024\" height=\"429\" src=\"http:\/\/mesaymantel.digital\/wp-content\/uploads\/2022\/02\/Captura-de-pantalla-58-1024x429.png\" alt=\"\" class=\"wp-image-1132 size-full\" srcset=\"https:\/\/mesaymantel.digital\/wp-content\/uploads\/2022\/02\/Captura-de-pantalla-58-1024x429.png 1024w, https:\/\/mesaymantel.digital\/wp-content\/uploads\/2022\/02\/Captura-de-pantalla-58-300x126.png 300w, https:\/\/mesaymantel.digital\/wp-content\/uploads\/2022\/02\/Captura-de-pantalla-58-768x322.png 768w, https:\/\/mesaymantel.digital\/wp-content\/uploads\/2022\/02\/Captura-de-pantalla-58-389x163.png 389w, https:\/\/mesaymantel.digital\/wp-content\/uploads\/2022\/02\/Captura-de-pantalla-58.png 1333w\" sizes=\"(max-width: 1024px) 100vw, 1024px\" \/><\/figure><div class=\"wp-block-media-text__content\">\n<blockquote class=\"wp-block-quote\"><p><strong><strong>El Bar Cafeter\u00eda Robles es un bar de tapas y raciones&nbsp;ubicado en el centro de Salda\u00f1a.<\/strong><\/strong><\/p><p><strong><strong>Si por algo se caracteriza este local<\/strong><\/strong> <strong><strong>es por sus famosas \u201ccroquetas del Robles\u201d,<\/strong><\/strong> <strong><strong>croquetas de huevo o de at\u00fan<\/strong><\/strong> <strong><strong>que son ya un cl\u00e1sico en Salda\u00f1a<\/strong><\/strong> <strong><strong>y en el resto de la provincia de Palencia.<\/strong><\/strong><\/p><p><strong><strong>En nuestra carta disponen de excelentes<\/strong><\/strong> <strong><strong>&nbsp;y variados platos.<\/strong><\/strong><\/p><p><strong><strong>Podr\u00e1n degustar nuestras comidas y tapas caseras<\/strong><\/strong>.<\/p><\/blockquote>\n\n\n\n<p><a href=\"https:\/\/turismopalencia.info\/cafeteriarobles\/\" target=\"_blank\" rel=\"noreferrer noopener\">https:\/\/turismopalencia.info\/cafeteriarobles\/<\/a><\/p>\n\n\n\n<div class=\"wp-container-6 wp-block-buttons\">\n<div class=\"wp-block-button\"><a class=\"wp-block-button__link\" href=\"https:\/\/www.google.com\/maps\/dir\/\/C.+Do%C3%B1a+Urraca+34100+Salda%C3%B1a+Palencia\/@42.5228346,-4.7359344,16z\/data=!4m8!4m7!1m0!1m5!1m1!1s0xd480b5030b8c819:0xfc6730fd63436c0d!2m2!1d-4.7359344!2d42.5228346\" target=\"_blank\" rel=\"noreferrer noopener\">C\u00f3mo llegar<\/a><\/div>\n<\/div>\n<\/div><\/div>\n\n\n\n<hr class=\"wp-block-separator\"\/>\n\n\n\n<div class=\"wp-block-media-text alignwide is-stacked-on-mobile\"><figure class=\"wp-block-media-text__media\"><a href=\"https:\/\/www.labibliotecadehogwarts.es\/\"><img loading=\"lazy\" width=\"245\" height=\"245\" src=\"https:\/\/mesaymantel.digital\/wp-content\/uploads\/2025\/08\/IMG-20231121-WA0042.jpg\" alt=\"\" class=\"wp-image-1871 size-full\" srcset=\"https:\/\/mesaymantel.digital\/wp-content\/uploads\/2025\/08\/IMG-20231121-WA0042.jpg 245w, https:\/\/mesaymantel.digital\/wp-content\/uploads\/2025\/08\/IMG-20231121-WA0042-150x150.jpg 150w\" sizes=\"(max-width: 245px) 100vw, 245px\" \/><\/a><\/figure><div class=\"wp-block-media-text__content\">\n<p><strong>Te ofrecemos UNA EXPERIENCIA \u00daNICA EN EL CENTRO DE SALDA\u00d1A<\/strong><\/p>\n\n\n\n<p><strong>Haz un alto en tu camino y disfruta de un municipio que te acoger\u00e1 siempre con los brazos abiertos.<\/strong><br><strong>\u00a1\u00a1\u00a1Desc\u00fabrenos!!!<\/strong><\/p>\n\n\n\n<p>Nos hemos propuesto darte lo mejor de lo mejor. Los mejores desayunos y el m\u00e1s completo picoteo.<\/p>\n\n\n\n<p><strong>\u00a1\u00a1\u00a1Porque t\u00fa no te mereces menos!!!<\/strong><\/p>\n\n\n\n<blockquote class=\"wp-block-quote\"><p><strong><strong>.<\/strong><\/strong><\/p><\/blockquote>\n\n\n\n<p><a href=\"https:\/\/clickturismo.es\/publabiblioteca\/\" target=\"_blank\" rel=\"noreferrer noopener\">hthttps:\/\/www.labibliotecadehogwarts.es\/<\/a><\/p>\n\n\n\n<div class=\"wp-container-7 wp-block-buttons\">\n<div class=\"wp-block-button\"><a class=\"wp-block-button__link\" href=\"https:\/\/www.google.com\/maps\/place\/La+Biblioteca\/@42.5219496,-4.7372805,15z\/data=!4m2!3m1!1s0x0:0xe226efd0f4723419?sa=X&amp;ved=2ahUKEwil2_P_mYb2AhU477sIHbe_Bt8Q_BJ6BAgnEAU\" target=\"_blank\" rel=\"noreferrer noopener\">C\u00f3mo llegar<\/a><\/div>\n<\/div>\n<\/div><\/div>\n\n\n\n<hr class=\"wp-block-separator\"\/>\n\n\n\n<div class=\"wp-block-media-text alignwide is-stacked-on-mobile\"><figure class=\"wp-block-media-text__media\"><a href=\"https:\/\/www.marison.es\/\"><img loading=\"lazy\" width=\"265\" height=\"188\" src=\"https:\/\/mesaymantel.digital\/wp-content\/uploads\/2025\/08\/LOGO.jpg\" alt=\"\" class=\"wp-image-1873 size-full\"\/><\/a><\/figure><div class=\"wp-block-media-text__content\">\n<p>Las mejores tapas de Salda\u00f1a<\/p>\n\n\n\n<p>En nuestra cafeter\u00eda puedes degustar las mejores tapas y picoteo de Salda\u00f1a. Tus desayunos y almuerzos ser\u00e1n diferentes. Prueba nuestras raciones de morro, oreja, costilla, boquerones, calamares o tortilla. Est\u00e1n riqu\u00edsimos.<\/p>\n\n\n\n<p><a href=\"https:\/\/www.marison.es\/\" target=\"_blank\" rel=\"noreferrer noopener\">hhttps:\/\/www.marison.es<\/a><a href=\"https:\/\/clickturismo.es\/cafeteriamarison\/\" target=\"_blank\" rel=\"noreferrer noopener\">\/<\/a><\/p>\n\n\n\n<div class=\"wp-container-8 wp-block-buttons\">\n<div class=\"wp-block-button\"><a class=\"wp-block-button__link\" href=\"https:\/\/www.google.com\/maps\/dir\/\/C.+Conde+Garay,+2+34100+Salda%C3%B1a+Palencia\/@42.5220547,-4.7364052,17z\/data=!4m5!4m4!1m0!1m2!1m1!1s0xd480b4fd8833449:0x18d2cce41fb750f1\" target=\"_blank\" rel=\"noreferrer noopener\">C\u00f3mo llegar<\/a><\/div>\n<\/div>\n<\/div><\/div>\n\n\n\n<hr class=\"wp-block-separator\"\/>\n\n\n\n<div class=\"wp-block-media-text alignwide is-stacked-on-mobile\"><figure class=\"wp-block-media-text__media\"><a href=\"https:\/\/www.olemar.es\/\"><img loading=\"lazy\" width=\"264\" height=\"155\" src=\"https:\/\/mesaymantel.digital\/wp-content\/uploads\/2025\/08\/LOGO_qqkr8527.jpg\" alt=\"\" class=\"wp-image-1874 size-full\"\/><\/a><\/figure><div class=\"wp-block-media-text__content\">\n<blockquote class=\"wp-block-quote\"><p><strong><strong>A partir de ahora tienes un nuevo lugar en Salda\u00f1a para disfrutar del ocio, el tapeo y las buenas ca\u00f1as. &#8220;<strong>BAR OLEMAR<\/strong>&#8221; te propone horas de diversi\u00f3n, buena compa\u00f1\u00eda y las mejores cervezas. Aqu\u00ed encontrar\u00e1s un local para disfrutar con tus amigos de momentos \u00fanicos.<\/strong><\/strong><\/p><\/blockquote>\n\n\n\n<p><a href=\"https:\/\/www.olemar.es\/\">https:\/\/www.olemar.es\/<\/a><\/p>\n\n\n\n<div class=\"wp-container-9 wp-block-buttons\">\n<div class=\"wp-block-button\"><a class=\"wp-block-button__link\" href=\"https:\/\/www.google.com\/maps\/dir\/\/Pl.+Vieja,+5+34100+Salda%C3%B1a+Palencia\/@42.5230468,-4.7362292,17z\/data=!4m5!4m4!1m0!1m2!1m1!1s0xd480b50383edac7:0x21b23a3587c166fb\" target=\"_blank\" rel=\"noreferrer noopener\">C\u00f3mo llegar<\/a><\/div>\n<\/div>\n<\/div><\/div>\n\n\n\n<hr class=\"wp-block-separator\"\/>\n\n\n\n<hr class=\"wp-block-separator\"\/>\n\n\n\n<div class=\"wp-block-media-text alignwide is-stacked-on-mobile\"><figure class=\"wp-block-media-text__media\"><a href=\"https:\/\/clickturismo.es\/saldana\/\"><img loading=\"lazy\" width=\"1024\" height=\"291\" src=\"http:\/\/mesaymantel.digital\/wp-content\/uploads\/2022\/02\/turismo-palencia-fondo-blanco-1-1024x291.png\" alt=\"\" class=\"wp-image-615 size-full\" srcset=\"https:\/\/mesaymantel.digital\/wp-content\/uploads\/2022\/02\/turismo-palencia-fondo-blanco-1-1024x291.png 1024w, https:\/\/mesaymantel.digital\/wp-content\/uploads\/2022\/02\/turismo-palencia-fondo-blanco-1-300x85.png 300w, https:\/\/mesaymantel.digital\/wp-content\/uploads\/2022\/02\/turismo-palencia-fondo-blanco-1-768x218.png 768w, https:\/\/mesaymantel.digital\/wp-content\/uploads\/2022\/02\/turismo-palencia-fondo-blanco-1-1536x437.png 1536w, https:\/\/mesaymantel.digital\/wp-content\/uploads\/2022\/02\/turismo-palencia-fondo-blanco-1-389x111.png 389w, https:\/\/mesaymantel.digital\/wp-content\/uploads\/2022\/02\/turismo-palencia-fondo-blanco-1.png 1923w\" sizes=\"(max-width: 1024px) 100vw, 1024px\" \/><\/a><\/figure><div class=\"wp-block-media-text__content\">\n<p class=\"has-large-font-size\">Toda la informaci\u00f3n tur\u00edstica de Salda\u00f1a en un click.<\/p>\n\n\n\n<p><a href=\"https:\/\/clickturismo.es\/saldana\/\" target=\"_blank\" rel=\"noreferrer noopener\">https:\/\/clickturismo.es\/saldana\/<\/a><\/p>\n<\/div><\/div>\n\n\n\n<hr class=\"wp-block-separator\"\/>\n\n\n\n<hr class=\"wp-block-separator\"\/>\n","protected":false},"excerpt":{"rendered":"<p>RESTAURANTES CAFETER\u00cdAS \/ BARES Toda la informaci\u00f3n tur\u00edstica de Salda\u00f1a en un click. https:\/\/clickturismo.es\/saldana\/<\/p>\n","protected":false},"author":1,"featured_media":0,"parent":0,"menu_order":0,"comment_status":"closed","ping_status":"closed","template":"","meta":{"_monsterinsights_skip_tracking":false,"_monsterinsights_sitenote_active":false,"_monsterinsights_sitenote_note":"","_monsterinsights_sitenote_category":0},"_links":{"self":[{"href":"https:\/\/mesaymantel.digital\/index.php\/wp-json\/wp\/v2\/pages\/864"}],"collection":[{"href":"https:\/\/mesaymantel.digital\/index.php\/wp-json\/wp\/v2\/pages"}],"about":[{"href":"https:\/\/mesaymantel.digital\/index.php\/wp-json\/wp\/v2\/types\/page"}],"author":[{"embeddable":true,"href":"https:\/\/mesaymantel.digital\/index.php\/wp-json\/wp\/v2\/users\/1"}],"replies":[{"embeddable":true,"href":"https:\/\/mesaymantel.digital\/index.php\/wp-json\/wp\/v2\/comments?post=864"}],"version-history":[{"count":7,"href":"https:\/\/mesaymantel.digital\/index.php\/wp-json\/wp\/v2\/pages\/864\/revisions"}],"predecessor-version":[{"id":1875,"href":"https:\/\/mesaymantel.digital\/index.php\/wp-json\/wp\/v2\/pages\/864\/revisions\/1875"}],"wp:attachment":[{"href":"https:\/\/mesaymantel.digital\/index.php\/wp-json\/wp\/v2\/media?parent=864"}],"curies":[{"name":"wp","href":"https:\/\/api.w.org\/{rel}","templated":true}]}}