{"id":96,"date":"2022-02-13T17:27:42","date_gmt":"2022-02-13T17:27:42","guid":{"rendered":"http:\/\/mesaymantel.digital\/?page_id=96"},"modified":"2022-04-01T15:08:51","modified_gmt":"2022-04-01T15:08:51","slug":"restaurantes-aguilar-de-campoo","status":"publish","type":"page","link":"https:\/\/mesaymantel.digital\/index.php\/restaurantes-aguilar-de-campoo\/","title":{"rendered":"Aguilar de Campoo"},"content":{"rendered":"\n<hr class=\"wp-block-separator\"\/>\n\n\n\n<iframe loading=\"lazy\" src=\"https:\/\/www.google.com\/maps\/d\/u\/2\/embed?mid=1EUn7HUKvBEULCQFTjz6ZKpyAObpf13qB&amp;ehbc=2E312F\" width=\"1200\" height=\"680\"><\/iframe>\n\n\n\n<hr class=\"wp-block-separator\"\/>\n\n\n\n<figure class=\"wp-block-image size-full is-resized\"><img loading=\"lazy\" src=\"http:\/\/mesaymantel.digital\/wp-content\/uploads\/2022\/02\/Ermita-Santa-Cecilia-y-Castillo-1024x8001-1.jpg\" alt=\"\" class=\"wp-image-1276\" width=\"1239\" height=\"626\" srcset=\"https:\/\/mesaymantel.digital\/wp-content\/uploads\/2022\/02\/Ermita-Santa-Cecilia-y-Castillo-1024x8001-1.jpg 1017w, https:\/\/mesaymantel.digital\/wp-content\/uploads\/2022\/02\/Ermita-Santa-Cecilia-y-Castillo-1024x8001-1-300x152.jpg 300w, https:\/\/mesaymantel.digital\/wp-content\/uploads\/2022\/02\/Ermita-Santa-Cecilia-y-Castillo-1024x8001-1-768x388.jpg 768w, https:\/\/mesaymantel.digital\/wp-content\/uploads\/2022\/02\/Ermita-Santa-Cecilia-y-Castillo-1024x8001-1-389x197.jpg 389w\" sizes=\"(max-width: 1239px) 100vw, 1239px\" \/><figcaption>Aguilar de Campoo<\/figcaption><\/figure>\n\n\n\n<hr class=\"wp-block-separator\"\/>\n\n\n\n<div class=\"wp-block-media-text alignwide is-stacked-on-mobile\"><figure class=\"wp-block-media-text__media\"><a href=\"https:\/\/clickturismo.es\/campingmonteroyal\/\"><img loading=\"lazy\" width=\"321\" height=\"102\" src=\"http:\/\/mesaymantel.digital\/wp-content\/uploads\/2022\/02\/camping-monteroyal.gif\" alt=\"\" class=\"wp-image-943 size-full\"\/><\/a><\/figure><div class=\"wp-block-media-text__content\">\n<blockquote class=\"wp-block-quote\"><p><strong>Restaurante &#8220;Virgen de Llano&#8221;<br>Se encuentra situado junto al camping, para dar servicio al camping<br>y a todo aquel que quiera disfrutar de un momento de tranquilidad o de una excelente cocina.<br>Cuenta con una amplia terraza donde disfrutar de las calurosas jornadas de verano<br>&nbsp;y poder disfrutar de un gratificante refresco.<\/strong><\/p><p><strong>Gran comedor restaurante con capacidad para hasta 300 comensales.<br>Ideal para celebraci\u00f3n de bodas, banquetes, comuniones, bautizos, cumplea\u00f1os<br>y cualquier otro tipo de celebraci\u00f3n<\/strong>.<\/p><\/blockquote>\n\n\n\n<p><a href=\"https:\/\/clickturismo.es\/campingmonteroyal\/\" target=\"_blank\" rel=\"noreferrer noopener\">https:\/\/clickturismo.es\/campingmonteroyal\/<\/a><\/p>\n\n\n\n<div class=\"wp-container-1 wp-block-buttons\">\n<div class=\"wp-block-button\"><a class=\"wp-block-button__link\" href=\"https:\/\/www.google.com\/maps\/place\/Monte+Royal\/@42.7859008,-4.3005989,15z\/data=!4m2!3m1!1s0x0:0x1695d033ebc7d9ad?sa=X&amp;ved=2ahUKEwiXv-vAhYb2AhWP3oUKHeaNBM0Q_BJ6BAgnEAU\" target=\"_blank\" rel=\"noreferrer noopener\">C\u00f3mo llegar<\/a><\/div>\n<\/div>\n<\/div><\/div>\n\n\n\n<hr class=\"wp-block-separator\"\/>\n\n\n\n<div class=\"wp-block-media-text alignwide is-stacked-on-mobile\"><figure class=\"wp-block-media-text__media\"><a href=\"https:\/\/turismopalencia.info\/el37\/\"><img loading=\"lazy\" width=\"1024\" height=\"475\" src=\"http:\/\/mesaymantel.digital\/wp-content\/uploads\/2022\/03\/Imagen2-1024x475.jpg\" alt=\"\" class=\"wp-image-1537 size-full\" srcset=\"https:\/\/mesaymantel.digital\/wp-content\/uploads\/2022\/03\/Imagen2-1024x475.jpg 1024w, https:\/\/mesaymantel.digital\/wp-content\/uploads\/2022\/03\/Imagen2-300x139.jpg 300w, https:\/\/mesaymantel.digital\/wp-content\/uploads\/2022\/03\/Imagen2-768x356.jpg 768w, https:\/\/mesaymantel.digital\/wp-content\/uploads\/2022\/03\/Imagen2-389x180.jpg 389w, https:\/\/mesaymantel.digital\/wp-content\/uploads\/2022\/03\/Imagen2.jpg 1530w\" sizes=\"(max-width: 1024px) 100vw, 1024px\" \/><\/a><\/figure><div class=\"wp-block-media-text__content\">\n<blockquote class=\"wp-block-quote\"><p><strong>Caf\u00e9 Bar El 37.<\/strong><\/p><p><strong>Desayunos, Reposter\u00eda,<\/strong><\/p><p><strong>Tostas, Pinchos, Tortillas, Raciones y Picoteo&#8230;<\/strong><\/p><\/blockquote>\n\n\n\n<p><a href=\"https:\/\/turismopalencia.info\/el37\/\" target=\"_blank\" rel=\"noreferrer noopener\">https:\/\/turismopalencia.info\/el37\/<\/a><\/p>\n\n\n\n<div class=\"wp-container-2 wp-block-buttons\">\n<div class=\"wp-block-button\"><a class=\"wp-block-button__link\" href=\"https:\/\/www.google.com\/maps\/place\/El+37\/@42.7930103,-4.2603732,15z\/data=!4m2!3m1!1s0x0:0xbdc446d60f78d3ed?sa=X&amp;ved=2ahUKEwjr8eG7ubb2AhUL3IUKHQssBhIQ_BJ6BAgfEAU\" target=\"_blank\" rel=\"noreferrer noopener\">C\u00f3mo llegar<\/a><\/div>\n<\/div>\n<\/div><\/div>\n\n\n\n<hr class=\"wp-block-separator\"\/>\n\n\n\n<div class=\"wp-block-media-text alignwide is-stacked-on-mobile\"><figure class=\"wp-block-media-text__media\"><a href=\"https:\/\/clickturismo.es\/elbaron\/\"><img loading=\"lazy\" width=\"312\" height=\"120\" src=\"http:\/\/mesaymantel.digital\/wp-content\/uploads\/2022\/02\/banner.jpg\" alt=\"\" class=\"wp-image-944 size-full\" srcset=\"https:\/\/mesaymantel.digital\/wp-content\/uploads\/2022\/02\/banner.jpg 312w, https:\/\/mesaymantel.digital\/wp-content\/uploads\/2022\/02\/banner-300x115.jpg 300w, https:\/\/mesaymantel.digital\/wp-content\/uploads\/2022\/02\/banner-310x120.jpg 310w\" sizes=\"(max-width: 312px) 100vw, 312px\" \/><\/a><\/figure><div class=\"wp-block-media-text__content\">\n<blockquote class=\"wp-block-quote\"><p><strong>Restaurante el Bar\u00f3n est\u00e1 situado en la muy leal y noble villa de Aguilar de Campoo,<br>en una casa solariega del siglo XVII.<br>El sugerente y atractivo local, ha sido revisado con clase y estilo castellano.<\/strong><br><strong>A la entrada hay una espaciosa barra para tomar un buen vino acompa\u00f1ado de un rico bocado.<br>Seguido el comedor, en dos niveles,<br>muy acogedor para saborear nuestros platos t\u00edpicos de la Monta\u00f1a Palentina.<\/strong><\/p><p><strong>Nuestra cocina ha suscitado apasionadas afinidades, porque la calidad, el sabor y el punto de elaboraci\u00f3n de las carnes y pescados son \u00fanicos.<\/strong><\/p><p><strong>Contamos con un equipo de trabajo cualificado, en el que cuidamos las relaciones personales.<br>Esto nos aporta un gran valor humano, que trasmitimos a trav\u00e9s de nuestros platos.<\/strong><\/p><\/blockquote>\n\n\n\n<p><a href=\"https:\/\/clickturismo.es\/elbaron\/\" target=\"_blank\" rel=\"noreferrer noopener\">https:\/\/clickturismo.es\/elbaron\/<\/a><\/p>\n\n\n\n<div class=\"wp-container-3 wp-block-buttons\">\n<div class=\"wp-block-button\"><a class=\"wp-block-button__link\" href=\"https:\/\/www.google.com\/maps\/place\/RESTAURANTE+EL+BAR%C3%93N\/@42.7940383,-4.2613786,15z\/data=!4m2!3m1!1s0x0:0xc535b79671de4ef8?sa=X&amp;ved=2ahUKEwij-I7O9tDtAhVPTcAKHbEBDdsQ_BIwCnoECBMQBQ\">C\u00f3mo llegar<\/a><\/div>\n<\/div>\n<\/div><\/div>\n\n\n\n<hr class=\"wp-block-separator\"\/>\n\n\n\n<div class=\"wp-block-media-text alignwide is-stacked-on-mobile\"><figure class=\"wp-block-media-text__media\"><a href=\"https:\/\/clickturismo.es\/villadeaguilar\/\"><img loading=\"lazy\" width=\"600\" height=\"450\" src=\"http:\/\/mesaymantel.digital\/wp-content\/uploads\/2022\/02\/portada_1.jpg\" alt=\"\" class=\"wp-image-945 size-full\" srcset=\"https:\/\/mesaymantel.digital\/wp-content\/uploads\/2022\/02\/portada_1.jpg 600w, https:\/\/mesaymantel.digital\/wp-content\/uploads\/2022\/02\/portada_1-300x225.jpg 300w, https:\/\/mesaymantel.digital\/wp-content\/uploads\/2022\/02\/portada_1-389x292.jpg 389w\" sizes=\"(max-width: 600px) 100vw, 600px\" \/><\/a><\/figure><div class=\"wp-block-media-text__content\">\n<blockquote class=\"wp-block-quote\"><p><strong>A lo largo de los a\u00f1os nuestra mayor satisfacci\u00f3n profesional ha sido que cientos de visitantes, despu\u00e9s de disfrutar de nuestro entorno, puedan sencillamente descansar.<\/strong><\/p><p><strong>El Hotel Villa de Aguilar dispone de 25 confortables habitaciones, individuales, dobles y triples.<\/strong><\/p><p><strong>Ba\u00f1o completo<br>Calefacci\u00f3n<br>Canal Sat\u00e9lite<br>Tel\u00e9fono<br>Ascensor<br>Espacio Wi-Fi gratuito<br>Precios especiales en el servicio de Restaurante para alojados en el Hotel.<\/strong><\/p><p><strong>Entre nuestros servicios se incluye un Sal\u00f3n para Reuniones<\/strong><\/p><p><strong>F\u00e1cil acceso para minusv\u00e1lidos<br>Garaje<\/strong><\/p><\/blockquote>\n\n\n\n<p><a href=\"https:\/\/clickturismo.es\/villadeaguilar\/\" target=\"_blank\" rel=\"noreferrer noopener\">https:\/\/clickturismo.es\/villadeaguilar\/<\/a><\/p>\n\n\n\n<div class=\"wp-container-4 wp-block-buttons\">\n<div class=\"wp-block-button\"><a class=\"wp-block-button__link\" href=\"https:\/\/www.google.com\/maps\/place\/Hotel+Restaurante+Villa+de+Aguilar\/@42.793622,-4.264232,15z\/data=!4m2!3m1!1s0x0:0x7f307cdbe110fa78?sa=X&amp;ved=2ahUKEwizk-bR_tDtAhVzolwKHVc7AvYQ_BIwFXoECCQQBQ\" target=\"_blank\" rel=\"noreferrer noopener\">C\u00f3mo llegar<\/a><\/div>\n<\/div>\n<\/div><\/div>\n\n\n\n<hr class=\"wp-block-separator\"\/>\n\n\n\n<div class=\"wp-block-media-text alignwide is-stacked-on-mobile\"><figure class=\"wp-block-media-text__media\"><a href=\"https:\/\/clickturismo.es\/mesonlacasona\/\"><img loading=\"lazy\" width=\"1024\" height=\"263\" src=\"http:\/\/mesaymantel.digital\/wp-content\/uploads\/2022\/02\/2017-11-29-9-1024x263.png\" alt=\"\" class=\"wp-image-946 size-full\" srcset=\"https:\/\/mesaymantel.digital\/wp-content\/uploads\/2022\/02\/2017-11-29-9-1024x263.png 1024w, https:\/\/mesaymantel.digital\/wp-content\/uploads\/2022\/02\/2017-11-29-9-300x77.png 300w, https:\/\/mesaymantel.digital\/wp-content\/uploads\/2022\/02\/2017-11-29-9-768x197.png 768w, https:\/\/mesaymantel.digital\/wp-content\/uploads\/2022\/02\/2017-11-29-9-389x100.png 389w, https:\/\/mesaymantel.digital\/wp-content\/uploads\/2022\/02\/2017-11-29-9.png 1070w\" sizes=\"(max-width: 1024px) 100vw, 1024px\" \/><\/a><\/figure><div class=\"wp-block-media-text__content\">\n<blockquote class=\"wp-block-quote\"><p><strong>Mes\u00f3n LA CASONA, en Aguilar de Campoo.<\/strong><\/p><p><strong>Comida casera- tradicional.<\/strong><\/p><p><strong>Men\u00fa del d\u00eda.<\/strong><\/p><\/blockquote>\n\n\n\n<p><a href=\"https:\/\/clickturismo.es\/mesonlacasona\/\" target=\"_blank\" rel=\"noreferrer noopener\">https:\/\/clickturismo.es\/mesonlacasona\/<\/a><\/p>\n\n\n\n<div class=\"wp-container-5 wp-block-buttons\">\n<div class=\"wp-block-button\"><a class=\"wp-block-button__link\" href=\"https:\/\/www.google.com\/maps\/place\/La+Casona\/@42.7934103,-4.2577114,15z\/data=!4m2!3m1!1s0x0:0x6377a3a5306d62c?sa=X&amp;ved=2ahUKEwjtzpOKitPtAhU1mVwKHVuQB-YQ_BIwCnoECBMQBQ\" target=\"_blank\" rel=\"noreferrer noopener\">C\u00f3mo llegar<\/a><\/div>\n<\/div>\n<\/div><\/div>\n\n\n\n<hr class=\"wp-block-separator\"\/>\n\n\n\n<div class=\"wp-block-media-text alignwide is-stacked-on-mobile\"><figure class=\"wp-block-media-text__media\"><a href=\"https:\/\/clickturismo.es\/omegaplaza\/\"><img loading=\"lazy\" width=\"384\" height=\"135\" src=\"http:\/\/mesaymantel.digital\/wp-content\/uploads\/2022\/02\/Captura-de-pantalla-81.png\" alt=\"\" class=\"wp-image-942 size-full\" srcset=\"https:\/\/mesaymantel.digital\/wp-content\/uploads\/2022\/02\/Captura-de-pantalla-81.png 384w, https:\/\/mesaymantel.digital\/wp-content\/uploads\/2022\/02\/Captura-de-pantalla-81-300x105.png 300w\" sizes=\"(max-width: 384px) 100vw, 384px\" \/><\/a><\/figure><div class=\"wp-block-media-text__content\">\n<blockquote class=\"wp-block-quote\"><p><strong>El Nuevo Omega Bar, es un nuevo establecimiento<\/strong> <strong>ubicado en pleno coraz\u00f3n de la localidad palentina de Aguilar de Campoo,<\/strong> <strong>a pocos minutos de su Plaza Mayor y del centro tur\u00edstico y de ocio,<\/strong> <strong>donde poder disfrutar de unos buenos desayunos completos, y una gran variedad de tapas y pinchos,<\/strong> <strong>en un ambiente muy agradable y con un trato personalizado y profesional,<\/strong> <strong>no de dejes de probar nuestra variedad de tortillas y las extraordinarias rabas.<\/strong><\/p><\/blockquote>\n\n\n\n<p><a href=\"https:\/\/clickturismo.es\/omegaplaza\/\" target=\"_blank\" rel=\"noreferrer noopener\">https:\/\/clickturismo.es\/omegaplaza\/<\/a><\/p>\n\n\n\n<div class=\"wp-container-6 wp-block-buttons\">\n<div class=\"wp-block-button\"><a class=\"wp-block-button__link\" href=\"https:\/\/www.google.com\/maps\/place\/Omega+Plaza\/@42.7928933,-4.2615146,15z\/data=!4m2!3m1!1s0x0:0xd5121d40a6da16a4?sa=X&amp;ved=2ahUKEwjyhp_wvOP0AhWRB2MBHT7lDfcQ_BJ6BAgbEAU\" target=\"_blank\" rel=\"noreferrer noopener\">C\u00f3mo llegar<\/a><\/div>\n<\/div>\n<\/div><\/div>\n\n\n\n<hr class=\"wp-block-separator\"\/>\n\n\n\n<div class=\"wp-block-media-text alignwide is-stacked-on-mobile\"><figure class=\"wp-block-media-text__media\"><a href=\"https:\/\/clickturismo.es\/posadasantamarialareal\/\"><img loading=\"lazy\" width=\"310\" height=\"124\" src=\"http:\/\/mesaymantel.digital\/wp-content\/uploads\/2022\/02\/2017-11-29-6.png\" alt=\"\" class=\"wp-image-947 size-full\" srcset=\"https:\/\/mesaymantel.digital\/wp-content\/uploads\/2022\/02\/2017-11-29-6.png 310w, https:\/\/mesaymantel.digital\/wp-content\/uploads\/2022\/02\/2017-11-29-6-300x120.png 300w\" sizes=\"(max-width: 310px) 100vw, 310px\" \/><\/a><\/figure><div class=\"wp-block-media-text__content\">\n<blockquote class=\"wp-block-quote\"><p><strong>Constru\u00edda a finales del siglo XVIII y reconvertida en un elegante y actual alojamiento,<\/strong><\/p><p><strong>La Posada sigue conservando la esencia de tiempos pasados y elementos rom\u00e1nicos originales.<\/strong><\/p><p><strong>Durante su recuperaci\u00f3n, se decidi\u00f3 mantener la calidez de los materiales,<\/strong> <strong>una mixtura de piedra, madera de roble, ladrillo y adobe y,<\/strong> <strong>en la actualidad, este hotel cuenta con todas las comodidades<\/strong> <strong>y tecnolog\u00edas que demandan los hu\u00e9spedes m\u00e1s exigentes.<\/strong><\/p><p><strong>Nuestro restaurante en plena naturaleza es perfecto para diferentes ocasiones;<\/strong> <strong>comidas en grupos, cenas especiales, comuniones\u2026<\/strong><\/p><p><strong>Las carnes de nuestras monta\u00f1as son cuidadas de manera especial<\/strong> <strong>para ofrecer un producto elaborado al gusto de los paladares m\u00e1s exigentes.<\/strong><\/p><p><strong>Adem\u00e1s del comedor a la carta, disponemos de dos salones privados<\/strong> <strong>para eventos de diferentes capacidades.<\/strong><\/p><\/blockquote>\n\n\n\n<p><a href=\"https:\/\/clickturismo.es\/posadasantamarialareal\/\" target=\"_blank\" rel=\"noreferrer noopener\">https:\/\/clickturismo.es\/posadasantamarialareal\/<\/a><\/p>\n\n\n\n<div class=\"wp-container-7 wp-block-buttons\">\n<div class=\"wp-block-button\"><a class=\"wp-block-button__link\" href=\"https:\/\/www.google.com\/search?q=monasterio+santa+maria+la+real+aguilar+de+campoo&amp;rlz=1C1CHBF_esES919ES919&amp;sz=0&amp;tbm=lcl&amp;sxsrf=APq-WBtVHF4iV8tjP2VbUiCrksd1DC8dxQ%3A1645011472047&amp;ei=EOIMYo2yAtfd7_UP38u1-AE&amp;oq=monasterio+santa+maria+la+real+aguilar&amp;gs_l=psy-ab.1.0.0i512k1j0i22i30k1l3.4046.6059.0.8117.8.8.0.0.0.0.184.906.0j7.7.0....0...1c.1.64.psy-ab..1.7.904...38j0i512i263i20k1.0.E4TR0My4Jkg#rlfi=hd:;si:;mv:[[42.7962183,-4.271426],[42.795885999999996,-4.2728277]];tbs:lrf:!1m4!1u3!2m2!3m1!1e1!1m4!1u2!2m2!2m1!1e1!2m1!1e2!2m1!1e3!3sIAE,lf:1,lf_ui:2\" target=\"_blank\" rel=\"noreferrer noopener\">C\u00f3mo llegar<\/a><\/div>\n<\/div>\n<\/div><\/div>\n\n\n\n<hr class=\"wp-block-separator\"\/>\n\n\n\n<div class=\"wp-block-media-text alignwide is-stacked-on-mobile\"><figure class=\"wp-block-media-text__media\"><a href=\"https:\/\/clickturismo.es\/ultramar\/\"><img loading=\"lazy\" width=\"1024\" height=\"487\" src=\"http:\/\/mesaymantel.digital\/wp-content\/uploads\/2022\/02\/LOGO-2-1024x487.png\" alt=\"\" class=\"wp-image-948 size-full\" srcset=\"https:\/\/mesaymantel.digital\/wp-content\/uploads\/2022\/02\/LOGO-2-1024x487.png 1024w, https:\/\/mesaymantel.digital\/wp-content\/uploads\/2022\/02\/LOGO-2-300x143.png 300w, https:\/\/mesaymantel.digital\/wp-content\/uploads\/2022\/02\/LOGO-2-768x365.png 768w, https:\/\/mesaymantel.digital\/wp-content\/uploads\/2022\/02\/LOGO-2-1536x730.png 1536w, https:\/\/mesaymantel.digital\/wp-content\/uploads\/2022\/02\/LOGO-2-389x185.png 389w, https:\/\/mesaymantel.digital\/wp-content\/uploads\/2022\/02\/LOGO-2.png 1643w\" sizes=\"(max-width: 1024px) 100vw, 1024px\" \/><\/a><\/figure><div class=\"wp-block-media-text__content\">\n<blockquote class=\"wp-block-quote\"><p><strong>Lugar \u00fanico, construido con sue\u00f1os, sudor y mucho coraz\u00f3n.<\/strong><\/p><p><strong>Un espacio que gusta para tomar tu caf\u00e9, cenas con amigos, un picoteo, ricos vinos&#8230;<\/strong><\/p><\/blockquote>\n\n\n\n<p><a href=\"https:\/\/clickturismo.es\/ultramar\/\" target=\"_blank\" rel=\"noreferrer noopener\">https:\/\/clickturismo.es\/ultramar\/<\/a><\/p>\n\n\n\n<div class=\"wp-container-8 wp-block-buttons\">\n<div class=\"wp-block-button\"><a class=\"wp-block-button__link\" href=\"https:\/\/www.google.com\/maps\/place\/Ultramar+Gastrobar\/@42.7939939,-4.2611687,15z\/data=!4m2!3m1!1s0x0:0x6075e734abf18bb?sa=X&amp;ved=2ahUKEwi7rYHSp9PtAhUColwKHSTpDbQQ_BIwDHoECBQQBQ\" target=\"_blank\" rel=\"noreferrer noopener\">C\u00f3mo llegar<\/a><\/div>\n<\/div>\n<\/div><\/div>\n\n\n\n<hr class=\"wp-block-separator\"\/>\n\n\n\n<div class=\"wp-block-media-text alignwide is-stacked-on-mobile\"><figure class=\"wp-block-media-text__media\"><a href=\"https:\/\/turismopalencia.info\/80y1\/\"><img loading=\"lazy\" width=\"491\" height=\"324\" src=\"http:\/\/mesaymantel.digital\/wp-content\/uploads\/2022\/02\/1617545833082.jpg\" alt=\"\" class=\"wp-image-949 size-full\" srcset=\"https:\/\/mesaymantel.digital\/wp-content\/uploads\/2022\/02\/1617545833082.jpg 491w, https:\/\/mesaymantel.digital\/wp-content\/uploads\/2022\/02\/1617545833082-300x198.jpg 300w, https:\/\/mesaymantel.digital\/wp-content\/uploads\/2022\/02\/1617545833082-389x257.jpg 389w\" sizes=\"(max-width: 491px) 100vw, 491px\" \/><\/a><\/figure><div class=\"wp-block-media-text__content\">\n<blockquote class=\"wp-block-quote\"><p><strong>Seguro que por la noche te apetece algo de picoteo,<\/strong> <strong>unas tapitas o unas raciones.<\/strong><\/p><p><strong>Aqu\u00ed estamos nosotros para prepar\u00e1rtelo, y si te da pereza salir de casa no hay problema,<\/strong> <strong>nosotros te lo llevamos.<\/strong><\/p><p><strong>Consulta nuestra carta<\/strong>.<\/p><\/blockquote>\n\n\n\n<p><a href=\"https:\/\/turismopalencia.info\/80y1\/\" target=\"_blank\" rel=\"noreferrer noopener\">https:\/\/turismopalencia.info\/80y1\/<\/a><\/p>\n\n\n\n<div class=\"wp-container-9 wp-block-buttons\">\n<div class=\"wp-block-button\"><a class=\"wp-block-button__link\" href=\"https:\/\/www.google.com\/maps\/place\/80%261\/@42.7937256,-4.2631455,15z\/data=!4m5!3m4!1s0x0:0x259fd922ee1abafd!8m2!3d42.7936612!4d-4.2632173\" target=\"_blank\" rel=\"noreferrer noopener\">C\u00f3mo llegar<\/a><\/div>\n<\/div>\n<\/div><\/div>\n\n\n\n<hr class=\"wp-block-separator\"\/>\n\n\n\n<hr class=\"wp-block-separator\"\/>\n\n\n\n<div class=\"wp-block-media-text alignwide is-stacked-on-mobile\"><figure class=\"wp-block-media-text__media\"><a href=\"https:\/\/clickturismo.es\/palencia\/aguilardecampoo\/\"><img loading=\"lazy\" width=\"1024\" height=\"291\" src=\"http:\/\/mesaymantel.digital\/wp-content\/uploads\/2022\/02\/turismo-palencia-fondo-blanco-1-1024x291.png\" alt=\"\" class=\"wp-image-615 size-full\" srcset=\"https:\/\/mesaymantel.digital\/wp-content\/uploads\/2022\/02\/turismo-palencia-fondo-blanco-1-1024x291.png 1024w, https:\/\/mesaymantel.digital\/wp-content\/uploads\/2022\/02\/turismo-palencia-fondo-blanco-1-300x85.png 300w, https:\/\/mesaymantel.digital\/wp-content\/uploads\/2022\/02\/turismo-palencia-fondo-blanco-1-768x218.png 768w, https:\/\/mesaymantel.digital\/wp-content\/uploads\/2022\/02\/turismo-palencia-fondo-blanco-1-1536x437.png 1536w, https:\/\/mesaymantel.digital\/wp-content\/uploads\/2022\/02\/turismo-palencia-fondo-blanco-1-389x111.png 389w, https:\/\/mesaymantel.digital\/wp-content\/uploads\/2022\/02\/turismo-palencia-fondo-blanco-1.png 1923w\" sizes=\"(max-width: 1024px) 100vw, 1024px\" \/><\/a><\/figure><div class=\"wp-block-media-text__content\">\n<p class=\"has-large-font-size\">Toda la informaci\u00f3n tur\u00edstica de Aguilar de Campoo en un click.<\/p>\n\n\n\n<p><a href=\"https:\/\/clickturismo.es\/palencia\/aguilardecampoo\/\" target=\"_blank\" rel=\"noreferrer noopener\">https:\/\/clickturismo.es\/palencia\/aguilardecampoo\/<\/a><\/p>\n<\/div><\/div>\n\n\n\n<hr class=\"wp-block-separator\"\/>\n\n\n\n<hr class=\"wp-block-separator\"\/>\n","protected":false},"excerpt":{"rendered":"<p>Toda la informaci\u00f3n tur\u00edstica de Aguilar de Campoo en un click. https:\/\/clickturismo.es\/palencia\/aguilardecampoo\/<\/p>\n","protected":false},"author":1,"featured_media":0,"parent":0,"menu_order":0,"comment_status":"closed","ping_status":"closed","template":"","meta":{"_monsterinsights_skip_tracking":false,"_monsterinsights_sitenote_active":false,"_monsterinsights_sitenote_note":"","_monsterinsights_sitenote_category":0},"_links":{"self":[{"href":"https:\/\/mesaymantel.digital\/index.php\/wp-json\/wp\/v2\/pages\/96"}],"collection":[{"href":"https:\/\/mesaymantel.digital\/index.php\/wp-json\/wp\/v2\/pages"}],"about":[{"href":"https:\/\/mesaymantel.digital\/index.php\/wp-json\/wp\/v2\/types\/page"}],"author":[{"embeddable":true,"href":"https:\/\/mesaymantel.digital\/index.php\/wp-json\/wp\/v2\/users\/1"}],"replies":[{"embeddable":true,"href":"https:\/\/mesaymantel.digital\/index.php\/wp-json\/wp\/v2\/comments?post=96"}],"version-history":[{"count":9,"href":"https:\/\/mesaymantel.digital\/index.php\/wp-json\/wp\/v2\/pages\/96\/revisions"}],"predecessor-version":[{"id":1820,"href":"https:\/\/mesaymantel.digital\/index.php\/wp-json\/wp\/v2\/pages\/96\/revisions\/1820"}],"wp:attachment":[{"href":"https:\/\/mesaymantel.digital\/index.php\/wp-json\/wp\/v2\/media?parent=96"}],"curies":[{"name":"wp","href":"https:\/\/api.w.org\/{rel}","templated":true}]}}